 + 3. Is y a prime number?
False
Suppose -h + 4 = 3*p - 4, -3*h = 4*p - 14. Suppose -m = -h, 3*r - 2*m - 1830 = -325. Is r prime?
True
Suppose 2*q - 7365 = -3*q. Let p be q + -3 + (-2 - -2). Is p/40 + 2/8 a composite number?
False
Let a(l) = l**3 - 3*l**2 + 6*l + 3. Suppose 4*u + 4 = -2*k, -u = -3*u + 5*k - 2. Let m be u + (-1 - (-1 - 6)). Is a(m) a composite number?
False
Let p = 41 + 81. Is p composite?
True
Let c(u) = 9*u**2 - 4*u + 5. Is c(4) a prime number?
False
Let j = -251 - -360. Let u = -20 + j. Is u a prime number?
True
Suppose 186 = x - o, x + 4*o - 150 = 21. Let r = -580 + x. Is 8/(-20) + r/(-5) a prime number?
True
Suppose 498 = 5*n - 97. Is n prime?
False
Let v = -58 + 129. Is v a composite number?
False
Suppose -3185 = -5*k + g, 0*g + g = 4*k - 2548. Let y = k - 455. Suppose 0*b - 2*b = -y. Is b composite?
True
Let z(q) = -61*q + 44. Is z(-7) prime?
False
Let j = -4 - 0. Let w(r) = -8*r + 5. Is w(j) prime?
True
Suppose 2*w = -0*o - 4*o + 150, -4*o + 8 = 0. Is (w*1)/(-9 - -10) composite?
False
Let u be (0/(-2))/(-2) - -2. Suppose -2*g + 5*r = u*r - 155, 3*g = -r + 238. Is g a composite number?
False
Suppose 0 = -5*q + 892 - 327. Is q prime?
True
Suppose -3*k - s = -4*s - 3150, 2*k - 3*s - 2095 = 0. Is k composite?
True
Let g be ((-5)/3)/(3/(-135)). Let a = 188 - g. Is a prime?
True
Let n be (-3)/((-4)/((-24)/9)). Let h be (12/9 + n)*3. Is 47/2*-1*h prime?
True
Suppose 2*d = -3*d, 3*d = -4*p + 108. Let h = 78 - p. Is h prime?
False
Let n be 1*(0/(-1) + 6). Suppose -24 + n = -3*u. Let f = u + 31. Is f composite?
False
Suppose 0 = 5*g + v + 325, -2*g = 2*v + v + 130. Let m = 370 + -240. Let z = g + m. Is z a prime number?
False
Let l = -13 + 18. Suppose l*k = k + 8. Is ((-38)/k)/(2/(-6)) prime?
False
Suppose -3*z = -3*o - 441, 5*o = -0*z - 2*z + 280. Is z composite?
True
Let n(c) = -18*c + 1. Let r(v) = -19*v + 1. Let y(j) = -6*n(j) + 5*r(j). Let t be y(2). Suppose -d - t = -80. Is d composite?
True
Suppose 0 = -0*g - 4*g + 4. Let x(c) = c - 1. Let l be x(g). Suppose 5*r = l, -y + 0*y + 5*r + 55 = 0. Is y prime?
False
Let g(m) = 87*m**2 + 2*m + 2. Let d be g(-1). Let n = d - -24. Is n a composite number?
True
Let v = 605 + -430. Let t = v - 98. Is t composite?
True
Suppose 0 = 5*g + 3*j - 0*j - 141, 3*j + 99 = 3*g. Let i = -21 + g. Let u = i - -4. Is u a composite number?
False
Let r(n) = 6*n**2 + 7*n + 7. Is r(6) prime?
False
Suppose 6*c - 4*c = 2302. Is c composite?
False
Let i = -88 + -47. Suppose -2*n + 16 = 2. Is (-2)/n + i/(-7) prime?
True
Suppose -3*j - 3*w = -0*w - 4623, 2*w = -4*j + 6168. Is j a prime number?
True
Suppose 3 - 31 = -2*f - 4*l, -5*f = 3*l - 35. Suppose -s + 0*s + 4*j - 6 = 0, -f*s = -5*j + 2. Is (-2)/(s + (-948)/471) prime?
True
Is (-1845)/(-6) - (-2)/(-4) prime?
True
Let b(h) = -h**3 - 5*h**2 - 5*h - 6. Is b(-5) composite?
False
Suppose 2*z - 28 = -2*z. Suppose 5*b + 0*b - 5*s - 35 = 0, b + 3*s - z = 0. Is b composite?
False
Suppose 4*o - 1115 = -o. Is o prime?
True
Let h(l) = l + 23. Suppose 3*s - 20 = 5*s. Is h(s) a composite number?
False
Suppose 5*o - 4170 + 910 = 0. Let k = o + -147. Is k a prime number?
False
Suppose -2*p + p + 6 = 0. Let k = 3 - p. Is (-101)/(-3) - k/9 a prime number?
False
Is (-3582)/(-90)*(0 - -5) composite?
False
Suppose -3*i + 5*i - 434 = -4*y, -649 = -3*i - 4*y. Is i composite?
True
Let o(r) = r**3 - 5*r**2 + 5*r - 4. Is o(5) prime?
False
Let h = -16 - -36. Suppose 2*k + 188 = 2*u - 0*k, -h = 4*k. Is u prime?
True
Suppose 3*q = -q + 1508. Let i = 642 - q. Suppose 2*m + 3*m - i = 0. Is m prime?
True
Let j = 50 - 11. Suppose 0 = -5*h - 0*h + 145. Suppose h = 2*k - j. Is k composite?
True
Suppose -4*a - a + 55 = 0. Let o(j) be the second derivative of j**3 + j**2/2 + 8*j. Is o(a) a prime number?
True
Suppose -2*w + 6 + 0 = 0. Suppose 0 = 2*g - w*g + 32. Suppose -i - 5*n = 2*i - g, 26 = 2*i + n. Is i a composite number?
True
Suppose 205 = 3*f - 170. Suppose -f = -2*s - 19. Is s a prime number?
True
Let c(g) be the second derivative of -g**2 + 0 + 3*g + 1/3*g**3 + 1/6*g**4. Is c(-3) prime?
False
Suppose 0 = -3*s + r + 360, s + s + 4*r - 226 = 0. Is s composite?
True
Suppose 0 = -k - r - 4*r + 233, -1277 = -5*k + 3*r. Is k prime?
False
Let y(i) = 20*i. Let z be y(-1). Let h be (112/z)/(2/(-65)). Suppose b + b = h. Is b composite?
True
Let w(l) be the second derivative of -l**4/12 + 3*l**3/2 + 3*l**2/2 + 2*l. Let i be w(9). Let y = i - -56. Is y a prime number?
True
Let z(t) = 11*t**2 - 8*t + 4. Is z(-5) a prime number?
False
Suppose -3*z + 0*z + 15 = 0. Suppose z*g + 2 = -4*j + 4, 13 = 3*j - 2*g. Suppose 24 - j = 3*f. Is f prime?
True
Let i(c) = -55*c**3 - 6*c**2 - c - 13. Is i(-4) composite?
True
Let m = -27 + 15. Is 142/6*m/(-4) a prime number?
True
Let c be 10/5 + 3*1. Suppose -z = -2*r + 222, 3*r - z = 2*z + 336. Suppose 2*p - 4*w - 114 = 0, 0*w = 2*p - c*w - r. Is p prime?
False
Let u = 1659 - 764. Is u composite?
True
Suppose 256 = -j + 4*o, -4*j - 171 = 2*o + 943. Is (-3)/(-6) + j/(-8) prime?
False
Suppose 0*j - 3*j + 15 = -2*k, -5*j = -2*k - 21. Let s = 5 + k. Suppose -s*m + 21 = -21. Is m prime?
False
Is ((-10)/(-6))/((-8)/(-3048)) a composite number?
True
Suppose -x - 1 = 5*z, 2*z - z = 4*x + 4. Suppose -2*m - 104 + 638 = z. Is m prime?
False
Suppose 0 = 3*i - 4*g + 19, -g = -2*i - 0*g - 11. Let p(l) = -12*l - 5. Is p(i) a composite number?
True
Suppose -11*f - 405 = -16*f. Let u = -34 + f. Is u a composite number?
False
Suppose 5*u = -2*g + 17, 5 = 5*g + 5*u - 0. Let o be (0 - -228)*(-2)/g. Suppose 0 = -2*x + 5*b + o, 0*x + 153 = 3*x - 3*b. Is x a composite number?
False
Let k(n) be the second derivative of -n**4/12 + 7*n**3/6 + 3*n**2/2 - 2*n. Is k(6) a composite number?
True
Let d(g) = 59*g - 21. Is d(13) prime?
False
Suppose 5*w - 18417 = -2*w. Is w a composite number?
True
Let x(h) = -h**2 - 4*h + 14. Let z be x(-6). Is 54 + (z - (0 - -1)) a composite number?
True
Let s(i) = -i + 1. Let u = -2 + 3. Let h be s(u). Suppose 3*g - 4*y = 10, -2*g = -h*g + y - 25. Is g a prime number?
False
Let n = 22 - 25. Is 2/n + 4615/15 prime?
True
Suppose -3*i = -1 + 7. Let v be (330/(-9))/(i/(-6)). Let p = v - -201. Is p a prime number?
False
Let h(m) = -m**3 + 6*m**2 - 3*m. Let z be h(5). Is (4 + z)/(2 - 0) a composite number?
False
Suppose 3*z = -4*d - 53, -2*z = -4*z + 2*d - 12. Is z*(-5)/1*1 composite?
True
Let v(x) = 30*x + 1. Suppose 1 = -4*a - 11. Let c = 4 + a. Is v(c) a prime number?
True
Let d = 154 + -66. Let q = -53 + d. Suppose 0 = -5*c + 4*c + q. Is c prime?
False
Is 8/(-5) + 1 + (-8994)/(-15) a prime number?
True
Let n = 457 - -2670. Is n a prime number?
False
Let q be 39/9*-3*15. Let g = -84 - q. Is g prime?
False
Is (-5266)/(-6) + (-8)/12 a prime number?
True
Is 473 + (1 - 1) - 2 composite?
True
Let v(p) = p**3 + p**2 - 2. Let m be v(-2). Let d be (-81)/(-15) + m/15. Suppose -5*u + 3*s = -404, d*u + s - 386 = -2*s. Is u a composite number?
False
Let o = 21 + -9. Suppose -3*r + o = -3. Suppose r*z + 13 = 118. Is z prime?
False
Suppose -3161 = -2*o + 4*h + 2057, -4*h + 2579 = o. Is o a prime number?
False
Let f(t) be the second derivative of t**4/4 + 2*t**3/3 + 3*t**2 + 2*t. Let u be f(-4). Suppose 220 = 2*b + u. Is b a composite number?
True
Let j be 849/7 + 4/(-14). Let n = -658 - -1045. Suppose 0 = 4*g - n - j. Is g a composite number?
False
Suppose -2*z - 12 = -6*z. Suppose -63 = -3*p + z. Is p composite?
True
Is -1 + (0 + -2 - -584) a composite number?
True
Is ((-4581)/(-27))/(2/6) composite?
False
Let a(v) = 2 + 0*v - 7 - v. Is a(-8) a prime number?
True
Let f be 2/3*24/(-16). Let h(k) = k - 149*k**3 + 1 - 3*k**2 + 3*k**2. Is h(f) composite?
False
Suppose 0 = -5*g + 9 + 1. Let w be -1*g/4*6. Let l = w + 52. Is l prime?
False
Suppose 4*d - 277 = -3*z, -3*d - 80 + 275 = -2*z. Is d composite?
False
Is (-1)/(-4) + (-2979)/(-36) prime?
True
Let v(y) = -y**3 - 4*y**2 - y + 1. Is v(-5) a prime number?
True
Is (-68)/(-6)*(-168)/(-16) a composite number?
True
Suppose -3*x + 816 = -7*o + 2*o, -2*o + 1088 = 4*x. Let g = 68 + x. Suppose g - 80 = 4*p. Is p prime?
False
Let s(m) = m. Let p(z) = 4*z + 10. Let c(w) = p(w) - 3*s(w). Suppose -11 = 3*g + 5*k, 2*g - 7*k + 2*k + 24 = 0. Is c(g) prime?
True
Let i = -3 + -68. Suppose -q + 135 = v - 3*q, -3*q - 136 = -v. Let j = v + i